91?
False
Does 55 divide 41761940?
True
Is 188967675 a multiple of 15?
True
Is 602477900 a multiple of 5150?
True
Is 40 a factor of 4484800?
True
Is 2 a factor of 13956369?
False
Is 95 a factor of 209827355?
True
Is 11782620 a multiple of 67?
True
Is 7 a factor of 25063309?
False
Is 3046390072 a multiple of 6360?
False
Is 115 a factor of 1628034760?
True
Is 40 a factor of 288683487?
False
Does 13 divide 16062645?
False
Is 561317665 a multiple of 5587?
False
Is 36 a factor of 544206166?
False
Is 6 a factor of 531706669?
False
Is 1113 a factor of 177391289?
False
Is 1197 a factor of 596203341?
False
Is 70 a factor of 43753780?
True
Does 817 divide 39876940?
False
Is 10115856 a multiple of 9?
True
Does 49 divide 255553144?
False
Is 1294137953 a multiple of 25?
False
Is 72 a factor of 1371897316?
False
Does 3491 divide 127239769?
False
Is 7 a factor of 49757092?
True
Is 30507995 a multiple of 38?
False
Is 227863959 a multiple of 27?
False
Is 24 a factor of 27530030?
False
Does 135 divide 678222?
False
Does 240 divide 195130320?
True
Does 123 divide 1797691?
False
Is 132434732 a multiple of 2066?
True
Does 30 divide 347304390?
True
Does 1067 divide 655226561?
True
Is 67 a factor of 87902660?
True
Does 81 divide 2522178?
True
Does 1472 divide 37340563?
False
Is 85 a factor of 6827230?
False
Is 10546761 a multiple of 203?
False
Is 3 a factor of 369428218?
False
Is 217 a factor of 28629895?
True
Is 48 a factor of 35804217?
False
Does 15 divide 16108335?
True
Is 230 a factor of 10313430?
True
Does 259 divide 3638780614?
True
Is 75464168 a multiple of 1157?
True
Does 1897 divide 702288370?
True
Is 158 a factor of 6456763?
False
Is 1378778398 a multiple of 390?
False
Is 848 a factor of 36484352?
True
Is 426826128 a multiple of 48?
True
Is 63602405 a multiple of 12?
False
Does 3558 divide 830116492?
False
Is 11683847 a multiple of 519?
False
Is 2 a factor of 4033680?
True
Does 56 divide 291714112?
False
Is 55776271 a multiple of 334?
False
Is 32 a factor of 276203137?
False
Is 21209486 a multiple of 238?
False
Is 64 a factor of 1805383552?
True
Does 717 divide 13757079?
True
Does 335 divide 39348095?
True
Does 3392 divide 24381241?
False
Is 150 a factor of 118757579?
False
Does 45 divide 44782893?
False
Is 137 a factor of 4659603051?
False
Does 1187 divide 104173332?
False
Is 12795895 a multiple of 1439?
False
Is 113 a factor of 4118163494?
False
Does 43 divide 710258555?
False
Is 32 a factor of 59880954?
False
Is 600 a factor of 40161600?
True
Is 430 a factor of 4544422?
False
Is 108 a factor of 1285547?
False
Is 17 a factor of 42801299?
False
Does 3634 divide 2297113178?
True
Is 256757992 a multiple of 149?
True
Is 9927558 a multiple of 17?
True
Is 2994 a factor of 289199442?
True
Does 153 divide 80621541?
False
Is 2362866583 a multiple of 12?
False
Is 509342809 a multiple of 104?
False
Is 23 a factor of 12024676?
True
Is 7924 a factor of 1345513961?
False
Is 4 a factor of 1275671687?
False
Does 19 divide 653931189?
True
Does 7 divide 9573151?
True
Is 515 a factor of 149981823?
False
Is 3 a factor of 228693?
True
Does 378 divide 3713311779?
False
Does 27 divide 1026973377?
True
Is 14 a factor of 91001335?
False
Does 217 divide 7642779?
False
Does 7338 divide 317929096?
False
Is 31837915 a multiple of 23?
False
Is 1095538 a multiple of 250?
False
Does 666 divide 14644354?
False
Does 923 divide 141758032?
True
Is 142 a factor of 124327532?
True
Is 188 a factor of 29868500?
True
Is 335518596 a multiple of 542?
True
Does 26 divide 1127064340?
False
Does 831 divide 1885863090?
True
Does 2675 divide 4003864422?
False
Is 157989153 a multiple of 760?
False
Is 4824965032 a multiple of 82?
False
Does 65 divide 10943725?
True
Is 206894685 a multiple of 29?
False
Is 15 a factor of 43843545?
True
Is 250403138 a multiple of 260?
False
Does 95 divide 20039965?
True
Does 37 divide 1028119?
True
Is 694 a factor of 585496173?
False
Is 368002614 a multiple of 287?
False
Does 129 divide 20164377?
True
Is 52464903 a multiple of 7?
False
Does 89 divide 2729401425?
False
Is 629608413 a multiple of 51?
True
Is 827330360 a multiple of 1297?
True
Is 20 a factor of 293596812?
False
Is 338124948 a multiple of 318?
True
Is 1547308035 a multiple of 819?
True
Does 59 divide 849895?
True
Is 94 a factor of 993083375?
False
Is 134175363 a multiple of 10?
False
Is 441 a factor of 10629916?
False
Does 12 divide 54921754?
False
Is 1422980016 a multiple of 392?
False
Is 101870266 a multiple of 46?
True
Does 16 divide 724376032?
True
Does 81 divide 20963336?
False
Is 4531 a factor of 48001414?
True
Does 33 divide 17854659?
False
Does 503 divide 55647393?
True
Is 16 a factor of 156469907?
False
Does 59 divide 14187624?
False
Is 9 a factor of 121556574?
True
Is 1681138098 a multiple of 5378?
False
Is 371 a factor of 19026364?
True
Does 410 divide 21337630?
True
Is 638 a factor of 453803725?
False
Is 28225674 a multiple of 2082?
True
Is 64423350 a multiple of 305?
False
Is 38511360 a multiple of 18?
True
Does 1314 divide 342441540?
True
Is 540 a factor of 29405700?
True
Does 648 divide 409602030?
False
Is 44193540 a multiple of 370?
True
Is 251 a factor of 28791052?
False
Is 5 a factor of 1352200?
True
Is 9596888 a multiple of 92?
True
Does 20 divide 30652780?
True
Is 4 a factor of 13834100?
True
Does 180 divide 18755640?
True
Does 1052 divide 39468936?
True
Is 390530795 a multiple of 51?
False
Is 3 a factor of 1361417086?
False
Is 40438916 a multiple of 49?
True
Is 149294680 a multiple of 911?
True
Is 44 a factor of 28837116?
True
Is 9511 a factor of 1364180903?
False
Is 486863959 a multiple of 15?
False
Does 68 divide 39754160?
True
Does 8003 divide 685264878?
True
Is 8 a factor of 95771613?
False
Is 369946682 a multiple of 4826?
True
Does 8 divide 9732256?
True
Does 43 divide 253209755?
False
Does 18 divide 186054176?
False
Is 145 a factor of 203094022?
False
Is 223943180 a multiple of 5?
True
Is 174972806 a multiple of 143?
False
Does 173 divide 92933302?
False
Is 78678360 a multiple of 40?
True
Is 104537217 a multiple of 59?
False
Does 70 divide 17451929?
False
Is 300279023 a multiple of 4030?
False
Does 210 divide 1203335490?
True
Is 73903482 a multiple of 1362?
True
Is 63300979 a multiple of 338?
False
Does 5922 divide 598637259?
False
Is 24 a factor of 42481344?
True
Does 3571 divide 76472965?
True
Is 3160 a factor of 47147200?
True
Does 671 divide 963141322?
True
Does 2145 divide 21909030?
True
Is 1108673595 a multiple of 121?
False
Does 188 divide 440803412?
True
Is 766 a factor of 6285796?
True
Is 177434036 a multiple of 1311?
False
Is 16919980 a multiple of 154?
True
Is 16 a factor of 17013740?
False
Is 1835 a factor of 29045320?
False
Does 112 divide 3489808?
True
Does 265 divide 18235082?
False
Is 286 a factor of 68363142?
False
Does 61 divide 207534383?
True
Does 100 divide 947486325?
False
Does 13 divide 9852505?
True
Is 3362 a factor of 65165646?
True
Is 17274472 a multiple of 421?
True
Is 47417744 a multiple of 22?
True
Is 27284124 a multiple of 3?
True
Does 1271 divide 152831848?
False
Does 28 divide 4540844924?
True
Is 259282236 a multiple of 150?
False
Is 114521743 a multiple of 1477?
False
Is 1447 a factor of 20276811?
True
Is 172 a factor of 158159332?
True
Is 1145 a factor of 538377855?
True
Is 89 a factor of 39015464?
True
Does 1280 divide 650663327?
False
Does 479 divide 6044501?
True
Is 62934117 a multiple of 167?
True
Is 82268676 a multiple of 189?
True
Does 25 divide 1268167?
False
Is 36 a factor of 670501253?
False
Is 70866004 a multiple of 22?
True
Does 537 divide 216841674?
True
Does 101 divide 1646615928?
True
Does 28 divide 552228180?
True
Is 4 a factor of 3258335?
False
Is 2651002322 a multiple of 276?
False
Is 369674516 a multiple of 426?
False
Does 231 divide 257953506?
False
Does 972 divide 1286928?
True
Is 70648927 a multiple of 183?
False
Is 572 a factor of 14688711?
False
Is 140649572 a multiple of 28?
True
Does 49 divide 11108349?
True
Does 21 divide 5823327?
False
Does 1269 divide 2106822404?
False
Is 9970630 a multiple of 485?
True
Is 19254467 a multiple of 6?
False
Is 599 a factor of 45455277?
False
Does 80 divide 53779874?
False
Is 581391070 a multiple of 54?
False
Is 274 a factor of 126029040?
True
Does 2805 divide 44638770?
True
Does 15 divid